?
False
Does 66 divide 2706?
True
Is 7870 a multiple of 14?
False
Is 894 a multiple of 26?
False
Does 70 divide 124320?
True
Is 1363 a multiple of 77?
False
Is 1200 a multiple of 40?
True
Is 26 a factor of 853?
False
Is 8 a factor of 15758?
False
Is 17253 a multiple of 243?
True
Is 85100 a multiple of 100?
True
Is 9048 a multiple of 26?
True
Does 19 divide 285?
True
Does 3 divide 12369?
True
Is 6 a factor of 319?
False
Does 27 divide 2233?
False
Is 62 a factor of 525?
False
Is 975 a multiple of 5?
True
Is 329 a multiple of 18?
False
Is 51 a factor of 9741?
True
Is 400 a multiple of 16?
True
Is 3 a factor of 262?
False
Is 33 a factor of 14254?
False
Is 18503 a multiple of 24?
False
Is 7009 a multiple of 26?
False
Does 3 divide 2844?
True
Is 1146 a multiple of 6?
True
Is 9 a factor of 85752?
True
Does 12 divide 264?
True
Does 45 divide 3105?
True
Is 594 a multiple of 9?
True
Is 126 a factor of 65394?
True
Is 14 a factor of 659?
False
Does 11 divide 5343?
False
Is 42 a factor of 623?
False
Is 7 a factor of 2173?
False
Does 3 divide 150?
True
Is 21 a factor of 15414?
True
Is 10 a factor of 420?
True
Is 66 a multiple of 22?
True
Is 8808 a multiple of 12?
True
Is 34 a factor of 49?
False
Is 406 a multiple of 29?
True
Is 3913 a multiple of 91?
True
Does 48 divide 21456?
True
Is 29 a factor of 4508?
False
Does 45 divide 17705?
False
Does 4 divide 41190?
False
Does 5 divide 49048?
False
Is 3701 a multiple of 7?
False
Is 5 a factor of 16563?
False
Is 9 a factor of 1992?
False
Is 3548 a multiple of 14?
False
Is 29536 a multiple of 16?
True
Is 2836 a multiple of 28?
False
Is 1566 a multiple of 5?
False
Is 903 a multiple of 23?
False
Is 8610 a multiple of 123?
True
Is 1139 a multiple of 17?
True
Does 162 divide 54033?
False
Is 8 a factor of 133?
False
Does 7 divide 2968?
True
Does 58 divide 68720?
False
Is 17088 a multiple of 111?
False
Is 96 a factor of 4416?
True
Is 9 a factor of 2507?
False
Is 3 a factor of 6357?
True
Is 23856 a multiple of 112?
True
Does 163 divide 7668?
False
Is 40 a factor of 1497?
False
Does 29 divide 1140?
False
Does 85 divide 891?
False
Is 104 a multiple of 8?
True
Is 24 a factor of 31471?
False
Is 140 a multiple of 14?
True
Is 6408 a multiple of 89?
True
Does 34 divide 209?
False
Is 876 a multiple of 73?
True
Does 65 divide 1153?
False
Is 4 a factor of 817?
False
Is 20 even?
True
Is 6075 a multiple of 5?
True
Does 12 divide 324?
True
Does 20 divide 700?
True
Does 147 divide 8067?
False
Does 9 divide 531?
True
Is 23377 a multiple of 28?
False
Is 175 a factor of 52150?
True
Is 34 a factor of 2297?
False
Does 47 divide 3487?
False
Is 16 a factor of 5177?
False
Is 49 a factor of 213?
False
Is 9120 a multiple of 5?
True
Is 8189 a multiple of 24?
False
Does 30 divide 3524?
False
Does 116 divide 4408?
True
Is 36 a factor of 12145?
False
Is 378 a multiple of 21?
True
Does 22 divide 14110?
False
Is 9 a factor of 25641?
True
Does 35 divide 15225?
True
Is 22 a factor of 55044?
True
Is 2292 a multiple of 32?
False
Is 120 a factor of 781?
False
Is 27 a factor of 29659?
False
Is 4 a factor of 46?
False
Does 8 divide 1155?
False
Is 3944 a multiple of 34?
True
Is 26 a factor of 1014?
True
Is 12065 a multiple of 36?
False
Is 77 a factor of 3234?
True
Is 2040 a multiple of 170?
True
Is 58 a factor of 5568?
True
Is 6 a factor of 831?
False
Is 14 a factor of 305?
False
Is 23 a factor of 27473?
False
Is 4539 a multiple of 7?
False
Is 11 a factor of 129?
False
Is 1520 a multiple of 20?
True
Is 16 a factor of 4688?
True
Is 8 a factor of 56?
True
Does 28 divide 4648?
True
Does 43 divide 301?
True
Does 16 divide 21184?
True
Is 14 a factor of 9534?
True
Is 57 a multiple of 4?
False
Does 7 divide 252?
True
Is 19 a multiple of 2?
False
Does 43 divide 28694?
False
Does 12 divide 855?
False
Is 9 a factor of 2145?
False
Is 7552 a multiple of 16?
True
Is 16976 a multiple of 16?
True
Is 252 a multiple of 21?
True
Does 422 divide 122802?
True
Does 28 divide 719?
False
Is 22627 a multiple of 17?
True
Is 28 a factor of 1084?
False
Is 23 a factor of 351?
False
Does 5 divide 2898?
False
Does 36 divide 8361?
False
Is 35310 a multiple of 11?
True
Does 21 divide 1579?
False
Is 19 a factor of 507?
False
Is 968 a multiple of 8?
True
Is 34 a factor of 7208?
True
Is 1280 a multiple of 16?
True
Is 2928 a multiple of 40?
False
Does 5 divide 198?
False
Is 51 a factor of 856?
False
Does 17 divide 1427?
False
Does 42 divide 48912?
False
Is 98 a factor of 1404?
False
Is 21 a factor of 53571?
True
Does 17 divide 527?
True
Is 999 a multiple of 12?
False
Does 192 divide 1234?
False
Is 12 a factor of 12180?
True
Is 793 a multiple of 70?
False
Does 38 divide 170?
False
Does 3 divide 3630?
True
Is 83 a multiple of 20?
False
Does 14 divide 3950?
False
Does 50 divide 4385?
False
Is 595 even?
False
Does 18 divide 5580?
True
Does 3 divide 372?
True
Is 105 a factor of 3416?
False
Is 2790 a multiple of 186?
True
Is 33 a factor of 11682?
True
Is 8664 a multiple of 49?
False
Does 10 divide 1244?
False
Does 231 divide 57423?
False
Is 2055 a multiple of 125?
False
Does 11 divide 534?
False
Is 2214 a multiple of 41?
True
Does 7 divide 21036?
False
Is 43 a factor of 63898?
True
Is 26 a factor of 7670?
True
Is 8 a factor of 2435?
False
Does 61 divide 2559?
False
Does 97 divide 9940?
False
Does 36 divide 21846?
False
Is 896 a multiple of 19?
False
Is 13 a factor of 1534?
True
Does 10 divide 100?
True
Does 9 divide 1200?
False
Does 64 divide 704?
True
Does 8 divide 768?
True
Is 5355 a multiple of 3?
True
Is 26 a factor of 697?
False
Does 84 divide 23352?
True
Is 741 a multiple of 13?
True
Is 283 a multiple of 26?
False
Is 4 a factor of 3508?
True
Does 9 divide 522?
True
Is 8 a factor of 872?
True
Is 168 a factor of 90216?
True
Is 738 a multiple of 9?
True
Is 3565 a multiple of 6?
False
Is 33 a factor of 1113?
False
Is 12 a factor of 337?
False
Does 8 divide 592?
True
Is 5312 a multiple of 6?
False
Does 262 divide 31028?
False
Is 2520 a multiple of 72?
True
Is 17 a factor of 20978?
True
Is 60 a factor of 300?
True
Is 32 a factor of 40518?
False
Is 14 a factor of 5600?
True
Is 21 a factor of 940?
False
Does 23 divide 51359?
True
Is 5 a factor of 1115?
True
Is 124 a factor of 6324?
True
Is 16762 a multiple of 29?
True
Is 6 a factor of 3183?
False
Is 7344 a multiple of 72?
True
Is 9018 a multiple of 18?
True
Is 462 a multiple of 14?
True
Is 21 a factor of 420?
True
Is 1083 a multiple of 19?
True
Is 580 a multiple of 18?
False
Is 17 a factor of 320?
False
Is 49464 a multiple of 229?
True
Is 5 a factor of 3630?
True
Does 12 divide 204?
True
Is 44 a factor of 1274?
False
Is 17836 a multiple of 28?
True
Is 1279 a multiple of 8?
False
Does 152 divide 4560?
True
Does 87 divide 3777?
False
Does 18 divide 72?
True
Is 7 a factor of 2730?
True
Is 8 a multiple of 7?
False
Does 55 divide 1307?
False
Is 71877 a multiple of 97?
True
Is 104 a multiple of 8?
True
Is 28 a factor of 3660?
False
Does 51 divide 31059?
True
Does 30 divide 60270?
True
Is 3 a factor of 12384?
True
Is 16 a factor of 240?
True
Does 14 divide 67452?
True
Is 26 a factor of 6538?
False
Does 6 divide 11280?
True
Is 2875 a multiple of 9?
False
Is 130 a factor of 3064?
False
Is 39200 a multiple of 8?
True
Is 8 a factor of 104?
True
Is 5912 a multiple of 67?
False
Does 5 divide 7075?
True
Is 198 a multiple of 9?
True
Is 11 a factor of 218?
False
Is 9 a factor of 42380?
False
Does 48 divide 25248?
True
Is 43 a factor of 38839?
False
Is 82 a factor of 21730?
True
Does 11 divide 187?
True
Is 6 a factor of 4308?
True
Does 7 divide 183?
False
Is 345 a multiple of 38?
False
Is 12 a factor of 12977?
False
Does 14 divide 1974?
True
Is 235 a factor of 19794?
False
Is 74 a factor of 8214?
True
Does 3 divide 2867?
False
Is 28 a multiple of 14?
True
Does 8 divide 345?
False
Is 108 a multiple of 12?
True
Does 24 divide 509?
False
Is 195 a multiple of 5?
True
Is 8947 a multiple of 215?
False
Does 42 divide 890?
False
Is 1836 a multiple of 54?
True
Is 15910 a multiple of 9?
False
Is 29695 a multiple of 23?
False
Is 2299 a multiple of 19?
True
Does 3 divide 9663?
True
Is 1400 a multiple of 28?
True
Does 2 divide 1081?
False
Is 1525 a multiple of 8?
False
Is 25 a factor of 1312?
False
Does 8 divide 25782?
False
Is 157 a factor of 1256?
True
Does 3 divide 3495?
Tru